g?
2
Suppose 5*z - 30 = 5*f, 4*z - 4*f = z + 16. Suppose 0 = 3*c + c + z. What is the tens digit of 333/12 - c/8?
2
Let c = 604 + 138. What is the hundreds digit of c?
7
Let z = -846 + 1238. What is the tens digit of z?
9
Let w be (-2 + 9)*-1*6. What is the tens digit of w/(-4)*(3 + -4 - -5)?
4
Let p(t) = -1. Let x(i) = -i + 14. Let y be x(13). Let h(l) = -3*l + 17. Let r(b) = y*h(b) + 5*p(b). What is the tens digit of r(-8)?
3
Suppose 0 = -12*s + 8*s + 1868. What is the tens digit of s?
6
Let x = -1 - -6. Suppose 0*p + 6 = x*m - 2*p, p = -4*m - 3. Suppose -2*c - 7*k + 2*k + 40 = m, -5*c + 4*k = -166. What is the units digit of c?
0
Suppose -3*o + 626 + 574 = 0. What is the units digit of o?
0
Let k(s) = 4*s**2 + 78*s - 27. What is the units digit of k(-20)?
3
What is the hundreds digit of (-6)/8 - (9656/(-32) - 5)?
3
Suppose 54 = 5*w + 19. Suppose 3*c - 5*x = 38, 2*x + 60 = -3*c + w*c. What is the tens digit of c?
1
Let d(y) be the second derivative of y**5/10 + y**4/6 - y**3/3 + 3*y**2/2 + 24*y. What is the tens digit of d(2)?
2
Let c be 5/3 + (-2)/(-6). Suppose 2*d = -3*i + 697, 0*i - 2*i + 466 = c*d. Let t = i + -165. What is the units digit of t?
6
What is the hundreds digit of (-1)/1 + -7 + 231 + 7?
2
Let l be (-1 - (13 - 4))*(-3)/(-2). Let b(r) = 2*r**2 + 24*r + 19. What is the units digit of b(l)?
9
Suppose 5*b + 0*b - 40 = 0. Let w(g) = 13*g**2 + 27*g + 6. Let f(t) = 18*t**2 + 41*t + 9. Let k(z) = 5*f(z) - 7*w(z). What is the units digit of k(b)?
7
Let m(o) = -2*o**3 - 42*o**2 + o - 97. What is the tens digit of m(-22)?
4
Suppose 4*n = 16, -5*l = 3*n - 0*n - 27. Let c(b) = -b**2 + 1 + 15*b**3 + 2*b - 17*b**l - 2*b. What is the tens digit of c(-2)?
1
Let p(b) = -b**3 + b**2 + 10*b + 29. What is the tens digit of p(-9)?
4
Let v = -163 + 699. What is the tens digit of v?
3
Let n be (0 + -4)*45/(-60). Let l = n - 1. What is the units digit of 0*1/l - -25?
5
What is the units digit of (-12)/(-7) - -3*2/21?
2
Suppose 8*x = 4*x + 2040. What is the units digit of x?
0
Let k = 390 - 216. Suppose -36*o = -33*o - k. What is the tens digit of o?
5
Let i be 7/(-21) - (-4)/(-6). Suppose -5*x + 4*x + 10 = 3*u, 0 = -3*x - 4*u + 10. Let b = i - x. What is the units digit of b?
1
Let b be (3 + -1)*(-15)/10. What is the units digit of 124/(b/((-3)/2))?
2
Let x = 875 - 404. What is the tens digit of x?
7
Let d(y) = 2*y**2 + 25*y - 105. What is the hundreds digit of d(-29)?
8
Suppose -4*z + 5*z - 6 = 0. What is the units digit of (z/4 + -2)*1*-166?
3
Let c(r) = 2 + 3 + 3*r**3 - 11*r**2 - 2*r**3 + 9*r. Let z be c(10). Let t(n) = -3*n + 1. What is the tens digit of t(z)?
1
Suppose -5*a - 3*t = -3403, 0 = -2*a - 140*t + 138*t + 1362. What is the tens digit of a?
8
Suppose 4*s - 10 - 10 = 0. Suppose 271 = s*h - 4*l, 4*h - 3*l = -0*h + 217. Let y = h - 11. What is the tens digit of y?
4
Suppose -15524 = 29*y - 52702. What is the units digit of y?
2
Let v be ((-4)/6)/((-12)/54). Suppose -4*t + 7 = -v*t. Suppose 0 = z - 3*r + t*r - 22, -3*z - r + 66 = 0. What is the units digit of z?
2
Let w(j) = j**2 - 2*j - 7. Let b be w(3). Let h be 3 + b + 1 + 3. Suppose -h*a + 44 = a. What is the units digit of a?
1
Suppose -1308*i = -1298*i - 12430. What is the units digit of i?
3
What is the thousands digit of 2898 - 27/(81/(-30))?
2
Suppose -1729 = -4*f + 3*b + 1416, 3*f - 4*b - 2350 = 0. What is the tens digit of f?
9
Let l = 15 - -29. Suppose l + 1 = 5*v. What is the units digit of v?
9
Suppose -3*h + 92 + 886 = 0. Let g = h - 158. What is the tens digit of g?
6
Let z = -7 - 23. What is the units digit of 3*5/(z/(-14))?
7
Let i be (-567)/21*(-2)/6. Suppose -3*r + i*r - 312 = 0. What is the tens digit of r?
5
Suppose -g + 2920 = -5*w, -54*g = -49*g + 4*w - 14658. What is the tens digit of g?
3
Suppose 4*c = 2*c + 96. Let j = 451 - 318. Suppose -5*l = -j + c. What is the tens digit of l?
1
Let z(t) = 92*t + 6. What is the hundreds digit of z(4)?
3
Let i = 92 - -59. What is the hundreds digit of i?
1
Let w be ((-4)/(-8))/(2/12). Let y be (-4)/14 + 210/49. Suppose -c - 21 = -y*c + w*g, 10 = 4*c + 5*g. What is the units digit of c?
5
Suppose 13*p + 10603 = 38007. What is the units digit of p?
8
Let c = -150 + 232. Let n = c + -53. Suppose -a + 32 + n = -4*i, -5*a - i = -221. What is the units digit of a?
5
Let u = -120 + 184. Suppose 4*t = l - u, 5*l = t + 190 + 206. What is the tens digit of l?
8
Suppose 103*y - 63*y - 68760 = 0. What is the units digit of y?
9
Let k(h) = 20*h + 18. Let p be k(9). Suppose -a = 2*y - 186, -2*y + 3*a + p = a. What is the units digit of y?
5
Suppose -36 = -3*m - 3*m. What is the units digit of m/10 + 62/(-5)*-11?
7
Let u = -3962 - -5875. What is the thousands digit of u?
1
What is the tens digit of (-6)/(-5) - 3359/(-5)?
7
Let p(z) = z**3 + 10*z**2 - 15*z - 10. Let i(d) = -4*d**2 + 5*d - 5. Let y be i(2). What is the tens digit of p(y)?
3
Let m = -37 + 20. Let z = 14 - m. What is the units digit of z?
1
Let m(l) be the second derivative of 271*l**5/20 + l**3/3 - l**2 + 8*l - 4. What is the units digit of m(1)?
1
Let a = -4216 - -7171. What is the thousands digit of a?
2
Let r(c) = 1300*c**2 - 2*c + 3. Let z be r(1). Suppose 311 = -5*j + z. What is the tens digit of j?
9
Let l be (4/12 + -1)*-27. Let r = l - 17. What is the tens digit of -2 - r*-24 - -1?
2
Suppose -3*z + 3*i = -2193, -53*i + 54*i = 2. What is the hundreds digit of z?
7
Let k be ((-3)/(-4))/(6/16). Let o be k/(-6)*-6 - -182. What is the units digit of o/24 - (-2)/(-3)?
7
Let m(d) = 29*d + 2. Suppose -2*w = 4*q - 10, -5*w + 6 = -2*q - 7. What is the tens digit of m(q)?
3
Let p = 40 - 17. Let f = p + -20. What is the units digit of 6 - (4 - 0 - f)?
5
Let o(a) = -49*a - 733. What is the thousands digit of o(-45)?
1
Suppose 4*w + 3*v + 154 = 0, 2*w - 5 = 5*v - 95. Let l = w - -61. What is the units digit of 1*(l + (5 - 3))?
3
Let r(p) = 71*p + 46. What is the tens digit of r(7)?
4
Suppose -345 = -2*a - 3*h, -a + 9*h = 4*h - 205. What is the units digit of a?
0
Suppose 49*h = 41*h - 2264. Let n = -158 - h. What is the hundreds digit of n?
1
Let t(x) be the first derivative of 25*x**4/4 - 2*x**3 - 3*x + 8. Let k(p) = 8*p**3 - 2*p**2 - 1. Let j(s) = -8*k(s) + 3*t(s). What is the tens digit of j(2)?
7
Suppose 15*b = 12*b - 18. Let a(y) = -15*y - 18. What is the tens digit of a(b)?
7
Let k(i) = -53*i**3 + 5*i**2 + 2*i + 3. What is the hundreds digit of k(-2)?
4
Let p(b) be the second derivative of 7*b**4/12 - 5*b**3/6 - 3*b**2 - 32*b. What is the tens digit of p(-5)?
9
Suppose -5*z + 2*n + 142 = 5*n, 58 = 3*z - 5*n. What is the tens digit of z?
2
Let l(c) = 2*c - 4. Let v be l(14). Let j = v - 21. What is the units digit of j?
3
Let p(u) = -9*u**2 + 23*u + 24. Let k(r) = 2*r**2 - 6*r - 6. Let b(a) = -22*k(a) - 6*p(a). What is the units digit of b(-2)?
0
Suppose -10 = -2*z + 1826. What is the tens digit of z?
1
Suppose 3*w = w + 4. Suppose w*a = a. Suppose a*m + 3*m = 135. What is the tens digit of m?
4
Let f be 3*(5 - -29)/1. Let o = f + -76. What is the tens digit of o?
2
Let b(q) = -q**3 - 11*q**2 - 8*q - 10. Let t be (-12 + 3)/(-3) - 14/1. What is the units digit of b(t)?
8
Let s = 431 - 263. Let x = -72 + s. Suppose 2*y - 3*f = -f + x, 2*y = -5*f + 61. What is the tens digit of y?
4
Let j be 0/(12/4*(-3)/3). Suppose -5*o - 4*g + 488 = 0, 0 = 5*o - j*g - 5*g - 470. What is the tens digit of o?
9
Suppose -485 - 552 = -t. What is the hundreds digit of t?
0
What is the units digit of (36267/35)/11*20?
4
Let p = -256 - -371. Suppose -5*r + p = 5*y, 4*r = 3*y + 5 - 60. What is the tens digit of y?
2
Let j = 557 - -618. What is the tens digit of j?
7
Let d(y) = -y**3 + 8*y**2 - 5*y + 8. Let h be d(5). Suppose -2*z + 3*z - h = 0. What is the units digit of z?
8
Let f = -9 - -11. Suppose 4*v + 4*u - 18 = f*u, -4*v + 3 = 5*u. Suppose 2*t = -v + 59. What is the units digit of t?
6
Let j be 15/18 - (-2)/12. Let v be 7 - -1 - 3/j. Suppose 23 = -v*q + 88. What is the units digit of q?
3
Suppose -22*h + 6*h + 1072 = 0. What is the units digit of h?
7
Let o(u) = u - 9. Let z be o(6). Let p be -1 + 10 + z + -3. Suppose k + p*k - 80 = 0. What is the units digit of k?
0
Let i = 294 - 55. Let r(z) = 7*z - 1. Let d be r(1). Suppose 23 = -d*y + i. What is the units digit of y?
6
Suppose -2*x + 102 =